1896. Give w(-28).
-540
Let k(q) = q**3 + 17*q**2 - 29*q + 25. Calculate k(-19).
-146
Let u(h) = -h**3 - 2*h**2 + 8*h + 2. What is u(-3)?
-13
Let t(g) = -g**2 + g - 30. Calculate t(12).
-162
Let z(x) = x**3 + 9*x**2 - 28*x - 77. Calculate z(-7).
217
Let m(b) = -2*b**3 + 15*b**2 - 4*b - 9. Determine m(7).
12
Let j(p) = -12*p**2 + 44*p + 24. What is j(4)?
8
Let g(n) = -636*n - 24804. Give g(-39).
0
Let n(k) = 12*k**2 + 602*k + 47. Determine n(-50).
-53
Let o(q) = -69*q**2 + 8075*q - 230. Give o(117).
4
Let a(v) = -v**3 - 8*v**2 + 99*v - 26. Give a(-15).
64
Let z(o) = 3912*o - 3906. Determine z(1).
6
Let x(m) = m**3 - 34*m**2 + 190*m - 6446. Determine x(34).
14
Let z(p) = p**3 + 50*p**2 + 72*p + 1039. Give z(-49).
-88
Let r(j) = -2*j + 26. Determine r(6).
14
Let h(y) = -6*y**2 - 20*y - 46. What is h(-3)?
-40
Let v(i) = -11*i**2 + 5164*i + 5165. Determine v(-1).
-10
Let j(a) = -2*a**3 + 7*a**2 - 686*a - 1382. Give j(-2).
34
Let p(d) = -d**3 - 24*d**2 - 74*d + 17. What is p(-6)?
-187
Let n(c) = -2*c**2 + 648*c - 24639. Determine n(280).
1
Let r(b) = -11*b + 1031. What is r(84)?
107
Let w(f) = -3*f**3 + 4*f**2 - 189*f + 378. Calculate w(2).
-8
Let h(j) = 2*j**3 + 32*j**2 - 6*j - 48. What is h(-16)?
48
Let x(z) = -75*z + 771. What is x(10)?
21
Let o(u) = 5*u**2 - u + 4. What is o(2)?
22
Let b(o) = o**3 - 21*o**2 + 17*o + 49. Give b(20).
-11
Let z(d) = -d**2 - 128*d + 22. Calculate z(0).
22
Let k(t) = t**3 + 13*t**2 + 21*t - 14. Determine k(-11).
-3
Let s(o) = 6*o**2 + 26*o + 8. Give s(-4).
0
Let l(w) = -10*w**2 + 7*w + 6. Determine l(3).
-63
Let w(j) = 3*j**3 - 11*j**2 - 144*j - 3. What is w(9)?
-3
Let t(n) = n**3 - 23*n**2 - 179*n + 13. Determine t(29).
-132
Let f(o) = -3*o**2 + 225*o - 191. Give f(74).
31
Let q(d) = d**3 - 30*d**2 + 147*d - 141. Give q(24).
-69
Let u(c) = -c**3 - 37*c**2 + 93*c + 4654. Give u(-36).
10
Let w(g) = -3*g**3 - 375*g**2 - 12*g - 1499. What is w(-125)?
1
Let v(m) = -1033*m - 76433. Calculate v(-74).
9
Let a(w) = -80*w + 1846. Determine a(23).
6
Let n(h) = 11*h - 243. Give n(19).
-34
Let w(l) = -712*l - 8547. Determine w(-12).
-3
Let v(z) = -17*z**2 - 2656*z - 638. Calculate v(-156).
-14
Let q(x) = 65*x**2 + 6*x - 21. Give q(3).
582
Let y(c) = c**3 - 88*c**2 + 84*c + 168. Calculate y(87).
-93
Let k(j) = 2*j + 78. Determine k(20).
118
Let j(q) = 4*q + 170. Determine j(-36).
26
Let b(n) = n**3 + 6*n**2 - 30*n + 71. What is b(-12)?
-433
Let z(t) = -483*t + 32841. Determine z(68).
-3
Let h(n) = -2*n**2 + 5*n + 16. Determine h(12).
-212
Let g(l) = 3*l - 7. Determine g(0).
-7
Let u(q) = 20*q + 141. What is u(-3)?
81
Let l(w) = 3*w**2 - 30*w - 63. Give l(15).
162
Let a(q) = 17*q - 128. Give a(10).
42
Let d(g) = -g**3 + 24*g**2 - 106*g - 31. Give d(18).
5
Let j(a) = -62*a - 42. Give j(-1).
20
Let r(f) = f**3 - 11*f**2 + 6*f + 67. Calculate r(10).
27
Let g(l) = l**3 - 49*l + 206. What is g(5)?
86
Let b(u) = -552*u - 546. What is b(-1)?
6
Let o(u) = u**3 - 11*u**2 + 56*u - 306. What is o(9)?
36
Let w(s) = -131*s - 2374. Determine w(-14).
-540
Let q(d) = 37*d**2 + 13*d - 12. Determine q(1).
38
Let g(z) = -7489*z + 7490. What is g(1)?
1
Let r(h) = -h**2 + 24*h + 1447. What is r(52)?
-9
Let y(a) = 192*a + 7659. Give y(-40).
-21
Let v(j) = j**3 + 20*j**2 - 73*j - 147. What is v(-23)?
-55
Let d(g) = 47*g**2 - 16*g - 12. Calculate d(-2).
208
Let s(i) = -34*i + 906. Calculate s(10).
566
Let o(l) = -l**3 - 58*l**2 - 166*l - 58. Calculate o(-55).
-3
Let a(v) = v**2 + 1499*v - 4510. Determine a(3).
-4
Let l(w) = 6*w - 181. Give l(26).
-25
Let l(i) = -8*i**2 - 325*i - 2240. Give l(-7).
-357
Let z(o) = -o**3 - 25*o**2 + 22*o - 6. What is z(-26)?
98
Let i(k) = 3*k**2 + 72*k - 531. What is i(-30)?
9
Let n(h) = -h**3 - 45*h**2 - 80*h + 71. Determine n(-43).
-187
Let v(x) = -x**3 + 19*x**2 - 23*x + 75. Determine v(18).
-15
Let d(u) = -7*u**2 + 284*u - 1480. Determine d(5).
-235
Let y(k) = k**3 + 9*k**2 + 5*k - 61. What is y(-9)?
-106
Let b(g) = -g**3 - 3*g**2 + 52*g + 241. Give b(-7).
73
Let s(y) = 771*y + 5389. Determine s(-7).
-8
Let w(k) = 2*k**2 + 31*k - 1426. Determine w(20).
-6
Let b(m) = 2*m**3 + 117*m**2 - 186*m - 394. Calculate b(-60).
-34
Let t(l) = -189*l - 6678. What is t(-35)?
-63
Let f(d) = -2*d**2 - 73*d - 1077. Calculate f(-19).
-412
Let w(j) = -j**2 + 145*j - 2311. What is w(19)?
83
Let q(y) = -4*y**2 - 91*y + 114. Calculate q(-18).
456
Let r(h) = -h**3 - 8*h**2 - 57*h - 622. Determine r(-8).
-166
Let q(d) = -151*d + 1553. What is q(10)?
43
Let m(a) = -a**2 - 62*a + 1255. What is m(16)?
7
Let s(g) = 321*g - 7366. Calculate s(23).
17
Let b(o) = -o**3 + 8*o**2 - 6*o + 14. Give b(4).
54
Let d(o) = 92*o**2 + 9*o + 131. Calculate d(0).
131
Let t(c) = -3*c**3 + 56*c**2 + 21*c - 28. Give t(19).
10
Let t(m) = -9*m + 183. Determine t(23).
-24
Let m(h) = 27*h + 2640. What is m(-98)?
-6
Let q(r) = -5*r**2 + 79*r + 66. Give q(16).
50
Let l(m) = m**2 + 7*m - 14. Give l(-10).
16
Let f(u) = -75*u - 3919. Determine f(-52).
-19
Let z(u) = 2*u**3 + 22*u**2 + 2*u - 11. What is z(-11)?
-33
Let w(c) = -c**2 + c + 131. Give w(-10).
21
Let d(f) = 90*f - 998. What is d(11)?
-8
Let b(f) = 47*f**2 - 213*f - 30. Determine b(5).
80
Let d(z) = z**3 + 9*z**2 + 5*z - 60. Calculate d(-9).
-105
Let r(c) = 2*c**2 - 18*c - 150. Determine r(16).
74
Let m(o) = 854*o - 4440. What is m(5)?
-170
Let b(h) = -120*h - 1057. Give b(-11).
263
Let v(a) = 4*a**2 - 157*a - 40. Calculate v(35).
-635
Let q(t) = -11*t - 39. Determine q(-10).
71
Let v(p) = -1307*p - 54891. Determine v(-42).
3
Let m(t) = 95*t + 9423. What is m(-97)?
208
Let c(p) = 4*p**2 - 27*p - 35. Calculate c(8).
5
Let w(l) = -l**3 + 2*l**2 + 257*l - 36. Give w(17).
-2
Let c(j) = j**2 + 55*j - 375. Calculate c(6).
-9
Let m(n) = -32*n + 517. Calculate m(16).
5
Let j(g) = 6*g + 388. What is j(-55)?
58
Let o(x) = x**3 - 7*x**2 + 89*x - 265. Give o(3).
-34
Let l(z) = 3*z**2 + 810*z + 12189. Give l(-16).
-3
Let k(d) = -205*d + 32792. Give k(160).
-8
Let f(j) = -j**3 + 35*j**2 + 32*j + 151. Give f(36).
7
Let w(q) = -512*q - 3255. Give w(-6).
-183
Let u(w) = 3850*w + 242556. Determine u(-63).
6
Let c(r) = r**2 - 162*r - 15343. What is c(-67)?
0
Let t(u) = -2*u**3 + 59*u**2 - 34*u + 161. Calculate t(29).
16
Let j(c) = -2*c**3 - 35*c**2 - 5*c - 389. What is j(-18)?
25
Let a(w) = -6*w**2 - 27*w - 127. Give a(-9).
-370
Let h(x) = 22*x - 138. Give h(7).
16
Let z(j) = j**2 + 13*j - 437. Determine z(14).
-59
Let s(t) = -279*t**2 + 1. Determine s(-1).
-278
Let d(m) = 140*m - 22. Give d(1).
118
Let c(j) = -412*j - 8657. Give c(-21).
-5
Let v(j) = j**3 - 6*j**2 - 20*j + 103. What is v(7)?
12
Let q(m) = 19*m - 255. Determine q(27).
258
Let i(z) = -z**2 - 32*z - 60. Give i(-31).
-29
Let r(b) = b - 5. Calculate r(-1).
-6
Let l(j) = -3*j**3 - 20*j**2 - 23*j + 5. Determine l(-6).
71
Let l(j) = -j**3 - 95*j**2 + 394*j - 195. Determine l(-99).
3
Let w(j) = -j**3 + 26*j**2 + 64*j - 263. Give w(28).
-39
Let v(x) = 2*x**2 + 137*x + 376. Calculate v(-66).
46
Let s(n) = -n**3 + 2*n**2 + 11*n + 4. Give s(6).
-74
Let q(n) = -31*n**2 - 10*n + 10. Give q(1).
-31
Let u(l) = -4*l**3 - l**2 - 7*l - 8. What is u(-2)?
34
Let t(b) = b**2 - 50*b + 305. Determine t(15).
-220
Let u(v) = -v**3 - 263*v**2 - 561*v - 10181. What is u(-261)?
-2
Let c(h) = -29*h - 253. What is c(-8)?
-21
Let j(m) = m**3 + 22*m**2 + 110*m - 31. Give j(-14).
-3
Let i(s) = 11*s**3 + 5*s**2 + 19*s + 37. Calculate i(-3).
-272
Let s(l) = -3*l**2 - 61*l - 1. Give s(-20).
19
Let o(w) = -3370*w + 13460. Calculate o(4).
-20
Let b(z) = -51*z - 288. Give b(-6).
18
Let r(s) = -2*s**3 - 6*s**2 + 22*s + 7. Determine r(-8).
471
Let n(y) = -y**3 - 137*y**2 - 404*y - 280. Give n(-134).
-12
Let u(p) = 5*p**3 - 261*p**2 + 58*p - 343. Determine u(52).
-31
Let h(o) = -o - 12. Give h(7).
-19
Let k(r) = r**3 + 6*r**2 - 15*r - 61. What is k(-7)?
-5
Let d(y) = 2*y**2 + 1441*y + 5754. Determine d(-4).
22
Let u(v) = -v**3 - 30*v**2 - 100*v + 12. Calculate u(-27).
525
Let y(o) = o**3 + 88*o**2 - 34*o + 4914. What is y(-89)?
19
Let l(w) = -w**2 - 142*w - 4551. Give l(-50).
49
Let f(l) = 5*l - 63. What is f(-6)?
-93
Let w(v) = -v**2 + 371*v - 1857. What is w(5)?
-27
Let d(y) = -407*y + 768. Determine d(2).
-46
Let w(g) = 17*g**3 - g**2 + g + 1. Determine w(1).
18
Let m(q) = 36*q**2 - 1834*q - 96. What i